59 prime?
False
Is 11910892553 prime?
False
Is 98573555053 a composite number?
False
Is 8594067143 prime?
True
Is 2845975999 a prime number?
False
Is 185791477 composite?
False
Is 40251413639 composite?
False
Is 27512293397 composite?
False
Is 3969076417 a composite number?
False
Is 5813815457 composite?
True
Is 86824349 composite?
False
Is 7584632114 a composite number?
True
Is 492477203 a composite number?
False
Is 20874407891 a composite number?
True
Is 17663456999 prime?
False
Is 309830707 prime?
False
Is 14195634319 composite?
True
Is 6748404511 composite?
True
Is 1992919963 prime?
False
Is 2929447073 a prime number?
False
Is 725725327 prime?
True
Is 23470268933 prime?
True
Is 340488751 a prime number?
True
Is 2199897487 a composite number?
True
Is 173837508197 composite?
False
Is 2492119849 a composite number?
False
Is 740522767 a composite number?
False
Is 5866360321 composite?
False
Is 39472696873 prime?
False
Is 29586665023 a prime number?
True
Is 3812944451 a composite number?
False
Is 166132258837 prime?
True
Is 2005854007 a prime number?
True
Is 1273551761 composite?
False
Is 1220588441 a prime number?
False
Is 10875986063 a prime number?
False
Is 71361217 a prime number?
True
Is 6863886871 a composite number?
False
Is 802328167 composite?
False
Is 78993977519 a composite number?
True
Is 4061308793 a prime number?
True
Is 42115199701 a prime number?
False
Is 3224936383 a composite number?
False
Is 135092791591 composite?
False
Is 423828507 composite?
True
Is 28402540585 prime?
False
Is 497350823 prime?
True
Is 13113613 a prime number?
False
Is 31799921 prime?
False
Is 382737659 composite?
False
Is 399048553 a prime number?
True
Is 46717932017 a composite number?
True
Is 4985340293 prime?
True
Is 15780838649 a prime number?
True
Is 208009707 a prime number?
False
Is 22278920483 a prime number?
True
Is 108479369 a prime number?
False
Is 13615893491 a prime number?
True
Is 261590921 a composite number?
False
Is 14745668933 composite?
False
Is 181893979 prime?
True
Is 282687089 a composite number?
True
Is 26362304299 a prime number?
True
Is 287686510669 composite?
True
Is 330679537 composite?
True
Is 112962198203 composite?
False
Is 738015989 prime?
False
Is 11603978131 a composite number?
False
Is 392541073757 prime?
False
Is 94899688201 composite?
False
Is 40391882387 composite?
False
Is 3021498283 prime?
True
Is 179202547 composite?
True
Is 133973027 a composite number?
True
Is 2447165951 a composite number?
True
Is 234966353 a composite number?
False
Is 151167231911 a prime number?
True
Is 1514429167 prime?
True
Is 411250677 a composite number?
True
Is 194129279 prime?
False
Is 10260974707 prime?
True
Is 2639503641 a composite number?
True
Is 1741265717 prime?
True
Is 2644297297 a prime number?
True
Is 52364422499 composite?
True
Is 1074394639 prime?
False
Is 48650153821 prime?
True
Is 1248169051 a composite number?
True
Is 52802450333 composite?
False
Is 147002480167 composite?
False
Is 515252197 a composite number?
True
Is 10154282153 prime?
True
Is 2505249971 composite?
True
Is 86338150826 prime?
False
Is 350370009905 prime?
False
Is 142146352763 a prime number?
True
Is 26591187983 a prime number?
True
Is 343102037 prime?
True
Is 5681118539 prime?
False
Is 30081027017 a composite number?
True
Is 77021904277 prime?
False
Is 1336921763 composite?
True
Is 35540079847 composite?
True
Is 728526767 a composite number?
False
Is 3628087559 composite?
True
Is 355161643 a composite number?
True
Is 117259367777 prime?
True
Is 583193983 a prime number?
False
Is 1170551983 composite?
True
Is 46118415433 prime?
False
Is 621864899 a prime number?
False
Is 16455642631 prime?
True
Is 2565424567 a prime number?
True
Is 2015288357 a prime number?
True
Is 12326525647 a composite number?
True
Is 216112226123 composite?
True
Is 183985181 a composite number?
False
Is 888115451 a prime number?
False
Is 145136750849 a composite number?
True
Is 356972873 a composite number?
False
Is 62160156943 composite?
True
Is 2350125005 composite?
True
Is 760303473 a composite number?
True
Is 18715015217 a prime number?
False
Is 4334982851 a prime number?
True
Is 283199083 a prime number?
True
Is 137157097783 composite?
False
Is 3283273583 a composite number?
True
Is 31726294153 a composite number?
True
Is 5765444161 a prime number?
False
Is 931889971 a prime number?
False
Is 178963104889 a prime number?
True
Is 11520566767 prime?
False
Is 687704389 a prime number?
True
Is 358933909 composite?
False
Is 14870479361 composite?
False
Is 364076959 composite?
True
Is 816077279 a prime number?
True
Is 2499380659 prime?
False
Is 293771904269 composite?
True
Is 2462498267 a prime number?
True
Is 3036374051 a prime number?
True
Is 138891011827 a prime number?
True
Is 50497628069 a composite number?
True
Is 3094758313 a composite number?
True
Is 1871732503 composite?
True
Is 22457542489 a composite number?
False
Is 493660984249 composite?
True
Is 913208657 a composite number?
True
Is 918684061 composite?
False
Is 375582467 a prime number?
False
Is 84511463 a prime number?
False
Is 2849829869 prime?
True
Is 133597327 a prime number?
True
Is 298642882787 a composite number?
False
Is 9945305423 prime?
True
Is 78055259 prime?
False
Is 179673233 a composite number?
True
Is 304401073 prime?
True
Is 52401466795 a composite number?
True
Is 22996022095 a prime number?
False
Is 22203231811 prime?
False
Is 5860534847 composite?
True
Is 40380475607 prime?
True
Is 20618939561 a composite number?
True
Is 544006589 composite?
True
Is 43095049 composite?
False
Is 12632535119 a composite number?
False
Is 5494089407 composite?
False
Is 166196641903 composite?
True
Is 7260707557 a composite number?
True
Is 6468169619 prime?
True
Is 1853445511 composite?
False
Is 26675771457 composite?
True
Is 478791191 prime?
True
Is 1671459061 prime?
True
Is 648642538 prime?
False
Is 336897751 a composite number?
False
Is 2898429731 a prime number?
False
Is 5880032731 prime?
False
Is 1348837771 a composite number?
False
Is 525245051 a prime number?
False
Is 12891996479 a prime number?
False
Is 1349939753 composite?
True
Is 11427772123 a composite number?
False
Is 13503889561 composite?
False
Is 17638021 prime?
False
Is 624381223 a composite number?
True
Is 1275872317 a composite number?
True
Is 1913301001 a prime number?
True
Is 4840931143 prime?
True
Is 20275286389 composite?
False
Is 6481685957 a composite number?
False
Is 1033687979 a composite number?
True
Is 975522721 composite?
True
Is 11156222138 prime?
False
Is 1202785043 a prime number?
True
Is 11123874941 prime?
True
Is 6699513869 a composite number?
False
Is 3499911931 a composite number?
False
Is 602854741 a prime number?
True
Is 359267197 prime?
False
Is 22897308163 prime?
True
Is 17996542007 a prime number?
False
Is 1119026839 prime?
False
Is 107303150029 prime?
True
Is 4794962126 a composite number?
True
Is 114774099305 a composite number?
True
Is 461032051 composite?
False
Is 977528287 composite?
True
Is 36280636423 composite?
True
Is 6022522585 composite?
True
Is 137125835203 a prime number?
False
Is 27735295321 prime?
True
Is 174971595047 prime?
True
Is 405508969 prime?
False
Is 99483121693 a prime number?
True
Is 1934605999 prime?
True
Is 411906029 composite?
True
Is 175653683 prime?
False
Is 1653754411 composite?
False
Is 1155823121 a composite number?
False
Is 1573592551 composite?
False
Is 22348514957 composite?
False
Is 6603831703 a prime number?
False
Is 73775077 prime?
False
Is 1767480619 a composite number?
False
Is 2840129 composite?
True
Is 185487857 a prime number?
False
Is 48242167297 prime?
False
Is 1059591263 a prime number?
True
Is 96483047 a prime number?
True
Is 11602498769 composite?
False
Is 270852013 a composite number?
False
Is 2455684213 a composite number?
False
Is 11198090479 prime?
False
Is 865644011 prime?
True
Is 11822571697 prime?
True
Is 257987311 a composite number?
True
Is 11587765829 composite?
False
Is 692918762 prime?
False
Is 23365581593 a composite number?
False
Is 12162758471 prime?
True
Is 26962111 a prime number?
False
Is 611442103 composite?
False
Is 9838601 a composite number?
True
Is 23746089259 a composite number?
True
Is 377341753 prime?
False
Is 118724189 prime?
False
Is 938014757 prime?
True
I